digit of 3944?
4
What is the thousands digit of 15790?
5
What is the thousands digit of 2081?
2
What is the units digit of 82666?
6
What is the units digit of 999?
9
What is the units digit of 1860?
0
What is the thousands digit of 2480?
2
What is the hundreds digit of 23822?
8
What is the units digit of 20140?
0
What is the hundreds digit of 2706?
7
What is the hundreds digit of 2831?
8
What is the tens digit of 35406?
0
What is the ten thousands digit of 55537?
5
What is the thousands digit of 6508?
6
What is the ten thousands digit of 110950?
1
What is the tens digit of 8122?
2
What is the units digit of 9370?
0
What is the tens digit of 656?
5
What is the tens digit of 811?
1
What is the units digit of 13756?
6
What is the thousands digit of 2226?
2
What is the units digit of 240?
0
What is the tens digit of 32790?
9
What is the hundreds digit of 11223?
2
What is the ten thousands digit of 63135?
6
What is the units digit of 1885?
5
What is the hundreds digit of 107660?
6
What is the tens digit of 20925?
2
What is the units digit of 84217?
7
What is the tens digit of 1406?
0
What is the tens digit of 910?
1
What is the units digit of 2337?
7
What is the thousands digit of 6663?
6
What is the units digit of 301?
1
What is the ten thousands digit of 27828?
2
What is the thousands digit of 44270?
4
What is the units digit of 21550?
0
What is the units digit of 52637?
7
What is the tens digit of 167?
6
What is the tens digit of 144?
4
What is the units digit of 5710?
0
What is the tens digit of 429?
2
What is the thousands digit of 3721?
3
What is the hundreds digit of 533?
5
What is the tens digit of 18327?
2
What is the thousands digit of 2071?
2
What is the ten thousands digit of 32745?
3
What is the units digit of 8392?
2
What is the hundreds digit of 500?
5
What is the tens digit of 1155?
5
What is the hundreds digit of 273?
2
What is the tens digit of 1506?
0
What is the tens digit of 29550?
5
What is the units digit of 605?
5
What is the thousands digit of 42277?
2
What is the hundreds digit of 7582?
5
What is the hundreds digit of 5861?
8
What is the thousands digit of 6496?
6
What is the tens digit of 5744?
4
What is the hundreds digit of 45578?
5
What is the units digit of 526?
6
What is the ten thousands digit of 75257?
7
What is the units digit of 32820?
0
What is the tens digit of 2145?
4
What is the tens digit of 800?
0
What is the units digit of 436?
6
What is the thousands digit of 164969?
4
What is the tens digit of 4610?
1
What is the tens digit of 300?
0
What is the thousands digit of 3139?
3
What is the hundreds digit of 8527?
5
What is the units digit of 24168?
8
What is the ten thousands digit of 12442?
1
What is the thousands digit of 8065?
8
What is the units digit of 9175?
5
What is the units digit of 5350?
0
What is the tens digit of 5972?
7
What is the units digit of 6851?
1
What is the ten thousands digit of 94942?
9
What is the tens digit of 3062?
6
What is the hundreds digit of 539?
5
What is the units digit of 236?
6
What is the tens digit of 953?
5
What is the tens digit of 3037?
3
What is the thousands digit of 1385?
1
What is the hundreds digit of 40882?
8
What is the hundreds digit of 11171?
1
What is the tens digit of 4033?
3
What is the tens digit of 217?
1
What is the tens digit of 4738?
3
What is the tens digit of 2234?
3
What is the tens digit of 79?
7
What is the tens digit of 23289?
8
What is the hundreds digit of 491?
4
What is the tens digit of 27430?
3
What is the tens digit of 550?
5
What is the units digit of 2756?
6
What is the tens digit of 2164?
6
What is the hundreds digit of 6963?
9
What is the thousands digit of 24404?
4
What is the hundreds digit of 51185?
1
What is the hundreds digit of 275?
2
What is the thousands digit of 9060?
9
What is the units digit of 5758?
8
What is the tens digit of 24588?
8
What is the hundreds digit of 1175?
1
What is the hundreds digit of 3150?
1
What is the units digit of 429?
9
What is the units digit of 23117?
7
What is the units digit of 189?
9
What is the hundreds digit of 848?
8
What is the ten thousands digit of 19315?
1
What is the hundreds digit of 2211?
2
What is the tens digit of 317?
1
What is the hundreds digit of 5862?
8
What is the units digit of 183?
3
What is the units digit of 660?
0
What is the units digit of 690?
0
What is the hundreds digit of 25459?
4
What is the thousands digit of 3302?
3
What is the hundreds digit of 1108?
1
What is the thousands digit of 9791?
9
What is the thousands digit of 2907?
2
What is the thousands digit of 3811?
3
What is the units digit of 452?
2
What is the thousands digit of 100385?
0
What is the thousands digit of 5477?
5
What is the thousands digit of 9412?
9
What is the tens digit of 49?
4
What is the units digit of 140?
0
What is the units digit of 5968?
8
What is the units digit of 607?
7
What is the hundred thousands digit of 172145?
1
What is the tens digit of 1611?
1
What is the thousands digit of 4678?
4
What is the thousands digit of 12463?
2
What is the tens digit of 341?
4
What is the hundreds digit of 788?
7
What is the thousands digit of 158992?
8
What is the hundreds digit of 393?
3
What is the hundreds digit of 356?
3
What is the ten thousands digit of 48818?
4
What is the hundreds digit of 906?
9
What is the units digit of 1972?
2
What is the tens digit of 807?
0
What is the ten thousands digit of 17603?
1
What is the tens digit of 1619?
1
What is the hundreds digit of 28779?
7
What is the units digit of 11826?
6
What is the hundreds digit of 389?
3
What is the hundreds digit of 8356?
3
What is the tens digit of 886?
8
What is the units digit of 1479?
9
What is the tens digit of 19026?
2
What is the tens digit of 176?
7
What is the hundreds digit of 2430?
4
What is the hundreds digit of 7270?
2
What is the tens digit of 39079?
7
What is the hundreds digit of 2430?
4
What is the tens digit of 35957?
5
What is the hundreds digit of 2799?
7
What is the hundreds digit of 530?
5
What is the hundreds digit of 3287?
2
What is the hundreds digit of 34088?
0
What is the thousands digit of 132876?
2
What is the tens digit of 978?
7
What is the hundreds digit of 400?
4
What is the tens digit of 3827?
2
What is the tens digit of 24?
2
What is the units digit of 1218?
8
What is the thousands digit of 6741?
6
What is the thousands digit of 2356?
2
What is the ten thousands digit of 55121?
5
What is the ten thousands digit of 20838?
2
What is the units digit of 869?
9
What is the hundreds digit of 45421?
4
What is the tens digit of 2099?
9
What is the thousands digit of 1059?
1
What is the hundreds digit of 1741?
7
What is the hundreds digit of 22140?
1
What is the ten thousands digit of 125422?
2
What is the hundreds digit of 11564?
5
What is the hundreds digit of 15074?
0
What is the units digit of 1984?
4
What is the units digit of 13356?
6
What is the tens digit of 526?
2
What is the ten thousands digit of 27697?
2
What is the thousands digit of 2208?
2
What is the units digit of 18696?
6
What is the units digit of 4326?
6
What is the thousands digit of 12623?
2
What is the units digit of 1616?
6
What is the hundreds digit of 55907?
9
What is the hundreds digit of 20693?
6
What is the units digit of 1034?
4
What is the units digit of 44564?
4
What is the hundreds digit of 608?
6
What is the thousands digit of 4301?
4
What is the hundreds digit of 378?
3
What is the ten thousands digit of 44914?
4
What is the hundreds digit of 14050?
0
What is the units digit of 6631?
1
What is the units digit of 13021?
1
What is the hundreds digit of 1892?
8
What is the units digit of 190956?
6
What is the tens digit of 84873?
7
What is the hundreds digit of 16878?
8
What is the tens digit of 3535?
3
What is the thousands digit of 1880?
1
What is the thousands digit of 10670?
0
What is the hundreds digit of 124569?
5
What is the thousands digit of 5008?
5
What is the thousands digit of 1590?
1
What is the tens digit of 29092?
9
What is the units digit of 729?
9
What is the units digit of 2325?
5
What is the tens digit of 748?
4
What is the hundreds digit of 63549?
5
What is the ten thousands digit of 148675?
4
What is the hundreds digit of 10219?
2
What is the thousands digit of 28162?
8
What is the hundreds digit 